{"id":336,"date":"2014-05-05T13:05:02","date_gmt":"2014-05-05T11:05:02","guid":{"rendered":"http:\/\/wbv-obere-peene.wbv-mv.de\/?page_id=336"},"modified":"2016-07-26T13:28:42","modified_gmt":"2016-07-26T11:28:42","slug":"aufgaben","status":"publish","type":"page","link":"https:\/\/wbv-obere-peene.wbv-mv.de\/?page_id=336","title":{"rendered":"Aufgaben"},"content":{"rendered":"<h3>Aufgaben des WBV Obere Peene laut Satzung:<\/h3>\n<ul>\n<li>Unterhaltung der in seiner Unterhaltungslast befindlichen Gew\u00e4sser II. Ordnung sowie Unterhaltung und Betrieb der dazugeh\u00f6rigen Anlagen<\/li>\n<li>Bau und Unterhaltung von Deichen und anderen Anlagen zur Sicherung der Abf\u00fchrung von Hochwasserabfl\u00fcssen<\/li>\n<li>Ausbau, insbesondere naturnahe Umgestaltung, der Gew\u00e4sser II. Ordnung und der dazugeh\u00f6rigen Anlagen<\/li>\n<\/ul>\n<p><a href=\"http:\/\/wbv-obere-peene.wbv-mv.de\/wp-content\/uploads\/2014\/04\/050720123451.jpg\"><img loading=\"lazy\" decoding=\"async\" class=\"wp-image-162 aligncenter\" src=\"http:\/\/wbv-obere-peene.wbv-mv.de\/wp-content\/uploads\/2014\/04\/050720123451-600x450.jpg\" alt=\"05072012345\" width=\"477\" height=\"358\" srcset=\"https:\/\/wbv-obere-peene.wbv-mv.de\/wp-content\/uploads\/2014\/04\/050720123451-600x450.jpg 600w, https:\/\/wbv-obere-peene.wbv-mv.de\/wp-content\/uploads\/2014\/04\/050720123451.jpg 2048w\" sizes=\"(max-width: 477px) 100vw, 477px\" \/><\/a><\/p>\n","protected":false},"excerpt":{"rendered":"<p>Aufgaben des WBV Obere Peene laut Satzung: Unterhaltung der in seiner Unterhaltungslast befindlichen Gew\u00e4sser II. Ordnung sowie Unterhaltung und Betrieb der dazugeh\u00f6rigen Anlagen Bau und Unterhaltung von Deichen und anderen Anlagen zur Sicherung der Abf\u00fchrung von Hochwasserabfl\u00fcssen Ausbau, insbesondere naturnahe Umgestaltung, der Gew\u00e4sser II. Ordnung und der dazugeh\u00f6rigen Anlagen<\/p>\n","protected":false},"author":2,"featured_media":0,"parent":0,"menu_order":0,"comment_status":"closed","ping_status":"closed","template":"","meta":{"_acf_changed":false,"footnotes":""},"acf":[],"_links":{"self":[{"href":"https:\/\/wbv-obere-peene.wbv-mv.de\/index.php?rest_route=\/wp\/v2\/pages\/336"}],"collection":[{"href":"https:\/\/wbv-obere-peene.wbv-mv.de\/index.php?rest_route=\/wp\/v2\/pages"}],"about":[{"href":"https:\/\/wbv-obere-peene.wbv-mv.de\/index.php?rest_route=\/wp\/v2\/types\/page"}],"author":[{"embeddable":true,"href":"https:\/\/wbv-obere-peene.wbv-mv.de\/index.php?rest_route=\/wp\/v2\/users\/2"}],"replies":[{"embeddable":true,"href":"https:\/\/wbv-obere-peene.wbv-mv.de\/index.php?rest_route=%2Fwp%2Fv2%2Fcomments&post=336"}],"version-history":[{"count":4,"href":"https:\/\/wbv-obere-peene.wbv-mv.de\/index.php?rest_route=\/wp\/v2\/pages\/336\/revisions"}],"predecessor-version":[{"id":693,"href":"https:\/\/wbv-obere-peene.wbv-mv.de\/index.php?rest_route=\/wp\/v2\/pages\/336\/revisions\/693"}],"wp:attachment":[{"href":"https:\/\/wbv-obere-peene.wbv-mv.de\/index.php?rest_route=%2Fwp%2Fv2%2Fmedia&parent=336"}],"curies":[{"name":"wp","href":"https:\/\/api.w.org\/{rel}","templated":true}]}}